 (-69)/j + 230/8. Calculate the highest common factor of d and 7.
7
Let k = 325 - 269. Calculate the highest common divisor of k and 232.
8
Suppose 6*q - 5*q - 7 = 0. Suppose -3*d = -q*d + 16. Suppose 0*p - s - 316 = -5*p, -d*p = s - 260. What is the highest common factor of 32 and p?
32
Suppose 0*i - 350 = -7*i. Suppose -5*b - 132 = -2*w, 4*w + 1 = 5. Let x = i + b. Calculate the highest common divisor of x and 16.
8
Let a = 31 - 33. Let j be 3145/35 + a/(-14). Calculate the highest common factor of 10 and j.
10
Let d(h) = 5*h**2 - 5*h - 18. Let i be d(-4). Let f = 162 - i. What is the highest common divisor of 48 and f?
16
Let r(b) = b**3 - 3*b**2 - 3*b + 8. Let u be r(3). Let z be u/((-3)/495*3). Calculate the greatest common divisor of 22 and z.
11
Let x(w) = -54*w - 96. Let t be x(-6). Calculate the greatest common divisor of 132 and t.
12
Let s be (24/16)/(6/(-32)). Let n be ((-6)/(-2))/(3/s). Let f = 22 + n. What is the greatest common divisor of 42 and f?
14
Let x be 80/14 - 2/(-7). Suppose 2 = 4*d - x*d. Let k(m) = 12*m**2 - m - 1. Let l be k(d). Calculate the highest common divisor of 8 and l.
4
Let k = 776 - 167. What is the greatest common factor of 21 and k?
21
Suppose 33*t + 100 = 760. Calculate the greatest common divisor of t and 165.
5
Suppose -2*r - 5*m + 27 = -58, -r = 2*m - 40. Suppose 0 = -c - 52 + 76. What is the highest common divisor of r and c?
6
Suppose -b - 5*f = 2*b - 1747, 3*f = 3*b - 1779. Calculate the greatest common divisor of 19 and b.
19
Suppose 8*w = -0*w + 1096. Suppose 5*t - w = 2*y, t + y - 3 = 23. Calculate the greatest common factor of t and 3.
3
Let l(z) = -28*z + 9. Suppose -5*q + c + 25 = 0, 4*q + 3*c = -3 + 42. Let o be l(q). Let v = -51 - o. What is the greatest common factor of v and 12?
12
Let l = 23 + 7. Let x = -349 + 364. What is the highest common divisor of x and l?
15
Suppose -2*d + 50 = -0*d. Suppose 4*v = 3*v + 26. Suppose 127 = v*o - 3. Calculate the greatest common factor of o and d.
5
Suppose 24*k - 20*k - 308 = 0. Calculate the highest common divisor of 11 and k.
11
Let f be ((16 - -4) + -21)*(2 + -47). Suppose -5*r + 5*u - 3*u = -296, -114 = -2*r + 3*u. What is the highest common factor of f and r?
15
Let d = 1257 - 942. Calculate the greatest common divisor of 189 and d.
63
Let l = 442 + -156. Calculate the greatest common factor of 520 and l.
26
Let r(m) = 38*m. Let g be r(1). Let y be 19/((-114)/(-48)) - (-7 + -118). Calculate the highest common factor of y and g.
19
Suppose 4*u - 11 + 357 = 2*s, 2*s - 345 = 5*u. What is the greatest common factor of s and 50?
25
Let l(b) = -17*b + 4. Suppose 13 = -f + 10. Let t be l(f). Calculate the greatest common divisor of t and 44.
11
Let k = -150 + 268. What is the greatest common divisor of k and 413?
59
Let f be (44 - 40)*42/4. Let s = 0 - -1. Let b be ((-14)/1)/(s/(-2)). Calculate the highest common divisor of b and f.
14
Let y = 6 - 3. Suppose 2*b - g - 2 = 0, -14 = -y*b + 2*g - 6*g. Suppose 36 = 2*w + b*z, 7 + 41 = 4*w - 4*z. Calculate the greatest common factor of 30 and w.
15
Let s(i) = 18*i - 135. Let d be s(18). Calculate the highest common factor of d and 108.
27
Suppose -21*u = -25*u. Let g(x) = -x**3 + x**2 - x + 20. Let h be g(u). Calculate the highest common factor of 5 and h.
5
Let y be 3/(-3)*-3*1. Suppose -2*m = a + 3*a - 52, y*m - 58 = -2*a. Calculate the highest common divisor of m and 16.
16
Suppose 0 = -7*g + 855 + 153. What is the greatest common divisor of g and 9?
9
Suppose 10*o - 8*o + 332 = c, 0 = 3*c + o - 968. Calculate the greatest common divisor of 144 and c.
36
Suppose -5*q - 837 = -8*q. Let j(u) = -5*u**3 - 4*u**2 - 8*u - 9. Let t be j(-2). What is the highest common divisor of q and t?
31
Let v = -220 - -236. Calculate the greatest common factor of 288 and v.
16
Let s = -1 + 3. Suppose -s*a + 108 = -a. Suppose -34*v + 31*v + 54 = 0. Calculate the highest common divisor of a and v.
18
Let w = 20 + -20. Suppose w = 3*b - 4*b + 429. Let g be 1/3 + b/9. What is the highest common divisor of g and 12?
12
Let a(r) = -r**3 - 2*r**2 - r + 2. Let u be a(-2). Let w = 0 + u. Suppose f = 2*l - 19, 3*f - f - 10 = -2*l. What is the greatest common divisor of w and l?
4
Suppose -2*r = s - 4, 2*s - 34 - 10 = 5*r. Let c be (-4)/10 - (-124)/10. What is the highest common divisor of s and c?
12
Let k be (-12 - 272)*(-7)/4. Let c = k + -329. What is the highest common divisor of c and 24?
24
Let g(q) = -q**3 - 14*q**2 + 15*q + 3. Let a be g(-16). What is the highest common factor of a and 44?
11
Suppose 19 = -2*w + 33. Let y(o) = -o**3 + 2*o - 2 + o**2 + 6*o**2 + 10. Let m be y(w). Calculate the highest common factor of 44 and m.
22
Let m(n) = 2*n - n**2 + 6*n + 3*n. Let j be m(5). What is the highest common factor of j and 10?
10
Let z = 351 + -207. What is the highest common factor of z and 18?
18
Suppose -7*k - 6*k + 1196 = 0. What is the greatest common factor of 16 and k?
4
Let w be 2/4*(3 - -5). Let n(h) = h**3 - 6*h**2 + 5*h + 4. Suppose 0 = 4*x + 16 - 36. Let t be n(x). What is the highest common divisor of w and t?
4
Suppose -2*m - 28 + 0 = 0. Let b(f) = f**2 + 13*f - 12. Let k be b(m). Suppose 0*z = -k*z + 176. What is the greatest common divisor of 11 and z?
11
Suppose -4*d - 116 = -4*y, -2*y = -6*y + 2*d + 112. Calculate the highest common divisor of 3 and y.
3
Let y = -15 + 17. Suppose 0 = -3*v + p + 4, y*v + 5*p - p = 12. Suppose -3*r - o = -29, v = -o + 7. Calculate the greatest common factor of r and 88.
8
Let v = 15 + -10. Suppose -3*j + 37 = -v. Let u = -82 + 89. What is the highest common factor of j and u?
7
Let g = 3 + -5. Let l(y) = 42*y**2. Let r be l(g). Let x be 20/(-6)*((-28)/20 - 7). What is the highest common factor of x and r?
28
Let f = 8 - 15. Let u be 20/(-12)*(f - -1). Let a be (-1526)/(-77) - 2/(-11). Calculate the highest common factor of a and u.
10
Suppose 5*f = 7 + 13. Suppose -3 = w - f*w. Let o(p) = -6*p + 1. Let x be o(0). Calculate the greatest common factor of x and w.
1
Suppose 15*t = 13*t + 24. Let k = t - -16. Calculate the greatest common divisor of k and 70.
14
Suppose -4*q = q - 20. Suppose q*p - f = 340, -4*p = -5*p - 4*f + 68. Calculate the greatest common divisor of p and 12.
12
Let g be (-168)/(-140) + (-1948)/(-10) + -8. What is the greatest common divisor of g and 1034?
94
Let x(j) = -j**3 + j**2 - j + 2. Let y be x(0). Suppose -66 = -y*b - 10. Calculate the greatest common factor of b and 14.
14
Let a be ((-30)/(-30))/(1/285*3). Calculate the greatest common factor of 114 and a.
19
Let s = 32 - 12. Suppose 2*w = 517 + 603. Suppose 3*z + z - w = -m, -m = -z + 140. Calculate the greatest common factor of s and z.
20
Let f = 38 - 13. Let r(u) = -3*u - 20. Suppose -6*p = -3*p + 45. Let q be r(p). What is the greatest common divisor of q and f?
25
Let f = 23 + -37. Let w be (-72)/14*f/3. Let r be ((-45)/2)/3*(-82208)/3670. What is the greatest common factor of r and w?
24
Suppose c = -4*t + 4*c - 1, 5*t - c - 7 = 0. Let w be 37/7 + t/(-7). Suppose 0 = 2*k - w - 13. What is the greatest common factor of k and 81?
9
Let l = -1680 - -1708. Let x = 74 - 32. Calculate the highest common factor of x and l.
14
Let k = -120 + 178. Suppose y - 39 = -2*b, -2*y = -4*b - k - 12. Let f = y + -15. What is the greatest common divisor of 176 and f?
22
Let r = 2 - 0. Suppose 0 = 2*f + 5*t - t - 18, 4*f + r*t = 12. Let q be (-6 - -7)/(f/4). What is the greatest common factor of 12 and q?
4
Let q(w) = -w**3 + 20*w**2 + 153*w - 12. Let j be q(-6). What is the highest common divisor of 582 and j?
6
Let p = 13 + -8. Let z(n) = n**3 - 4*n**2 - 4*n + 4. Let d be z(p). Let b be 5/(25/10) - -70. Calculate the greatest common divisor of b and d.
9
Suppose 3*n + 4*c = 122, n + 5 - 54 = -3*c. Calculate the highest common factor of n and 425.
17
Let v(s) = 4*s - 4. Let d be v(5). Let m = 16 - d. Suppose m = 2*j, c + 5*j + 5 = 2*c. What is the greatest common factor of 5 and c?
5
Let j(a) = 220*a**2. Let z be j(-1). Suppose 0 = 8*v - 4*v - z. What is the highest common divisor of 5 and v?
5
Suppose 2*p - 42 = p. Let u be (-1)/(2/4)*2. Let g = u - -10. Calculate the highest common factor of p and g.
6
Let a(g) = 0*g**3 - 7*g**2 + 3*g**3 + g - 4*g**3 - 2*g. Let m be a(-9). Calculate the highest common fac